hat is the remainder when 58604 is divided by 55163?
3441
What is the remainder when 463207 is divided by 57884?
135
Calculate the remainder when 44542985 is divided by 1938.
1931
Calculate the remainder when 24380415 is divided by 318.
309
Calculate the remainder when 2783320 is divided by 695830.
0
Calculate the remainder when 101219530 is divided by 21.
13
What is the remainder when 4604513 is divided by 2302255?
3
What is the remainder when 4875 is divided by 4402?
473
What is the remainder when 151200 is divided by 445?
345
What is the remainder when 3857771 is divided by 2115?
11
Calculate the remainder when 378095 is divided by 6387.
1262
Calculate the remainder when 23037894 is divided by 1509.
1500
What is the remainder when 464575 is divided by 2873?
2022
What is the remainder when 1323924 is divided by 1821?
57
What is the remainder when 7685539 is divided by 226045?
9
Calculate the remainder when 6737321 is divided by 35.
31
Calculate the remainder when 8521 is divided by 870.
691
What is the remainder when 18015151 is divided by 12450?
1
Calculate the remainder when 12936496 is divided by 1543.
1527
What is the remainder when 132260 is divided by 104?
76
What is the remainder when 59203 is divided by 28112?
2979
What is the remainder when 59969 is divided by 308?
217
Calculate the remainder when 767903 is divided by 8447.
7673
Calculate the remainder when 582916 is divided by 718.
618
What is the remainder when 267480 is divided by 522?
216
Calculate the remainder when 374245 is divided by 93536.
101
What is the remainder when 843357 is divided by 140555?
27
Calculate the remainder when 19138 is divided by 4582.
810
What is the remainder when 1117029235 is divided by 18?
13
What is the remainder when 861943 is divided by 6917?
4235
Calculate the remainder when 3508170 is divided by 1754035.
100
What is the remainder when 1710826 is divided by 146?
144
What is the remainder when 23393863 is divided by 13?
12
Calculate the remainder when 660640 is divided by 605.
585
What is the remainder when 681075 is divided by 136214?
5
Calculate the remainder when 1934845 is divided by 78.
55
What is the remainder when 1608 is divided by 504?
96
What is the remainder when 5793199 is divided by 9?
7
What is the remainder when 77017 is divided by 1084?
53
Calculate the remainder when 222888 is divided by 1990.
8
What is the remainder when 18347254 is divided by 994?
2
Calculate the remainder when 9207662 is divided by 1083.
1079
What is the remainder when 27312 is divided by 1506?
204
Calculate the remainder when 20989461 is divided by 20.
1
What is the remainder when 525198 is divided by 126?
30
Calculate the remainder when 53858024 is divided by 85.
69
What is the remainder when 1113203 is divided by 721?
700
Calculate the remainder when 76805310 is divided by 82.
10
What is the remainder when 24990 is divided by 998?
40
Calculate the remainder when 109338 is divided by 377.
8
What is the remainder when 499528 is divided by 3788?
3300
What is the remainder when 771234 is divided by 70028?
926
What is the remainder when 1404533 is divided by 200599?
340
Calculate the remainder when 34447 is divided by 8609.
11
What is the remainder when 2657421 is divided by 28885?
1
Calculate the remainder when 64304594 is divided by 626.
622
What is the remainder when 26665 is divided by 4877?
2280
Calculate the remainder when 2796793 is divided by 932258.
19
Calculate the remainder when 62690 is divided by 5692.
78
What is the remainder when 12614594 is divided by 9711?
5
What is the remainder when 11923 is divided by 11347?
576
What is the remainder when 14442287 is divided by 58?
55
Calculate the remainder when 79364 is divided by 3359.
2107
Calculate the remainder when 6741223 is divided by 58.
57
Calculate the remainder when 12593413 is divided by 127.
93
What is the remainder when 605944 is divided by 50490?
64
What is the remainder when 704802 is divided by 21738?
9186
What is the remainder when 1182080 is divided by 4177?
4166
What is the remainder when 387333 is divided by 3368?
13
What is the remainder when 2706162 is divided by 78?
30
Calculate the remainder when 18055778 is divided by 210.
188
Calculate the remainder when 393340 is divided by 11202.
1270
Calculate the remainder when 1290479 is divided by 299.
294
What is the remainder when 94234 is divided by 6308?
5922
Calculate the remainder when 3760143 is divided by 1253315.
198
What is the remainder when 159269 is divided by 15904?
229
Calculate the remainder when 5872339 is divided by 5872326.
13
What is the remainder when 83172880 is divided by 6?
4
Calculate the remainder when 2400746 is divided by 27281.
18
What is the remainder when 900709 is divided by 194?
161
What is the remainder when 204326 is divided by 4004?
122
Calculate the remainder when 50482015 is divided by 16369.
19
What is the remainder when 35135 is divided by 8659?
499
What is the remainder when 24539 is divided by 965?
414
What is the remainder when 238526 is divided by 8833?
35
What is the remainder when 9812498 is divided by 19165?
18
What is the remainder when 329734 is divided by 3434?
70
Calculate the remainder when 1732437 is divided by 1865.
1717
Calculate the remainder when 209064532 is divided by 2582.
2574
Calculate the remainder when 1049754 is divided by 3.
0
Calculate the remainder when 657626 is divided by 4269.
200
What is the remainder when 456661117 is divided by 128?
125
What is the remainder when 8727027 is divided by 383?
372
Calculate the remainder when 14610 is divided by 732.
702
What is the remainder when 4335330 is divided by 214?
118
Calculate the remainder when 197112716 is divided by 336.
332
What is the remainder when 1039554 is divided by 7?
5
Calculate the remainder when 1034176 is divided by 308.
220
Calculate the remainder when 8877435 is divided by 4268.
4263
What is the remainder when 3031642 is divided by 68?
66
What is the remainder when 532521 is divided by 37878?
2229
Calculate the remainder when 85303 is divided by 1066.
23
What is the remainder when 1505689 is divided by 289?
288
Calculate the remainder when 163599756 is divided by 2235.
2226
What is the remainder when 7310921 is divided by 234?
59
Calculate the remainder when 6717822 is divided by 746416.
78
What is the remainder when 12164 is divided by 1000?
164
Calculate the remainder when 292826 is divided by 571.
474
What is the remainder when 8091 is divided by 7515?
576
Calculate the remainder when 1359148 is divided by 787.
786
Calculate the remainder when 1152999448 is divided by 10.
8
Calculate the remainder when 21646883 is divided by 21646831.
52
What is the remainder when 663277272 is divided by 135?
132
What is the remainder when 14221 is divided by 6916?
389
Calculate the remainder when 51510 is divided by 6402.
294
What is the remainder when 412604 is divided by 502?
462
What is the remainder when 754211 is divided by 4269?
2867
What is the remainder when 11650645 is divided by 151307?
6
What is the remainder when 112121 is divided by 6357?
4052
Calculate the remainder when 100378 is divided by 33414.
136
What is the remainder when 70223 is divided by 23198?
629
What is the remainder when 4082220 is divided by 408219?
30
Calculate the remainder when 267464 is divided by 656.
472
Calculate the remainder when 970099 is divided by 25.
24
What is the remainder when 126332 is divided by 2855?
712
Calculate the remainder when 197182148 is divided by 279.
14
What is the remainder when 19283085 is divided by 622035?
0
Calculate the remainder when 51234 is divided by 2441.
2414
What is the remainder when 378107 is divided by 950?
7
Calculate the remainder when 157885 is divided by 2468.
2401
What is the remainder when 44009 is divided by 8585?
1084
What is the remainder when 7223747 is divided by 62273?
79
What is the remainder when 149491630 is divided by 31?
20
Calculate the remainder when 2252884 is divided by 32650.
34
What is the remainder when 1186876 is divided by 15823?
151
Calculate the remainder when 476129 is divided by 7679.
31
Calculate the remainder when 402896 is divided by 201446.
4
What is the remainder when 265402 is divided by 18943?
200
Calculate the remainder when 19133662 is divided by 2709.
2704